{"id":3345,"date":"2025-06-19T15:12:15","date_gmt":"2025-06-19T13:12:15","guid":{"rendered":"https:\/\/www.halledelamachine.fr\/?post_type=evenement&#038;p=3345"},"modified":"2025-06-19T15:27:02","modified_gmt":"2025-06-19T13:27:02","slug":"halle-night-long","status":"publish","type":"evenement","link":"https:\/\/www.halledelamachine.fr\/en\/evenements\/halle-night-long\/","title":{"rendered":"halle night long"},"content":{"rendered":"<\/div> <!-- .HM23_TEXT_CONTAINER --><div class=\"HM23_CONTENT_BLOCK HM23_CHAPEAU\"><p>Cette ann\u00e9e, la Halle f\u00eatera la 6e \u00e9dition de son festival musical estival Halle Night Long. Tous les vendredis et samedis soirs des mois de juillet et d\u2019ao\u00fbt, la musique n\u2019en finira pas de sonner sur le parvis de la Halle.<\/p>\n<\/div><div class=\"HM23_TEXT_CONTAINER\">\n\n\n<figure class=\"wp-block-image size-full\"><img loading=\"lazy\" decoding=\"async\" width=\"1920\" height=\"1080\" src=\"https:\/\/www.halledelamachine.fr\/wp-content\/uploads\/2025\/06\/1920x1080-px_HNL-25.jpg\" alt=\"\" class=\"wp-image-3347\" srcset=\"https:\/\/www.halledelamachine.fr\/wp-content\/uploads\/2025\/06\/1920x1080-px_HNL-25.jpg 1920w, https:\/\/www.halledelamachine.fr\/wp-content\/uploads\/2025\/06\/1920x1080-px_HNL-25-300x169.jpg 300w, https:\/\/www.halledelamachine.fr\/wp-content\/uploads\/2025\/06\/1920x1080-px_HNL-25-1024x576.jpg 1024w, https:\/\/www.halledelamachine.fr\/wp-content\/uploads\/2025\/06\/1920x1080-px_HNL-25-768x432.jpg 768w, https:\/\/www.halledelamachine.fr\/wp-content\/uploads\/2025\/06\/1920x1080-px_HNL-25-1536x864.jpg 1536w, https:\/\/www.halledelamachine.fr\/wp-content\/uploads\/2025\/06\/1920x1080-px_HNL-25-1568x882.jpg 1568w, https:\/\/www.halledelamachine.fr\/wp-content\/uploads\/2025\/06\/1920x1080-px_HNL-25-1800x1013.jpg 1800w, https:\/\/www.halledelamachine.fr\/wp-content\/uploads\/2025\/06\/1920x1080-px_HNL-25-5x3.jpg 5w\" sizes=\"auto, (max-width: 1920px) 100vw, 1920px\" \/><\/figure>\n\n\n\n<div class=\"wp-block-media-text has-media-on-the-right is-stacked-on-mobile\" style=\"grid-template-columns:auto 51%\"><div class=\"wp-block-media-text__content\">\n<p>Des concerts propos\u00e9s gratuitement avec une programmation qui s\u00e9duit les amateurs de toutes les tendances musicales. <br>De 19h \u00e0 22h, vivez la night fever \u00ab Halle night long \u00bb, pour des ap\u00e9ros qui s\u2019allongent jusqu\u2019aux derni\u00e8res lueurs du jour. Les plus gourmands \u00e9tancheront leur soif et contenteront leur faim sur place : guinguette et brochettes seront aussi de la partie.<\/p>\n<\/div><figure class=\"wp-block-media-text__media\"><img loading=\"lazy\" decoding=\"async\" width=\"1024\" height=\"683\" src=\"https:\/\/www.halledelamachine.fr\/wp-content\/uploads\/2025\/06\/IMG_0629-Halle-Night-Long-\u00a9-Fanny-Poitevin-Halle-de-la-Machine-1024x683.jpg\" alt=\"\" class=\"wp-image-3313 size-full\" srcset=\"https:\/\/www.halledelamachine.fr\/wp-content\/uploads\/2025\/06\/IMG_0629-Halle-Night-Long-\u00a9-Fanny-Poitevin-Halle-de-la-Machine-1024x683.jpg 1024w, https:\/\/www.halledelamachine.fr\/wp-content\/uploads\/2025\/06\/IMG_0629-Halle-Night-Long-\u00a9-Fanny-Poitevin-Halle-de-la-Machine-300x200.jpg 300w, https:\/\/www.halledelamachine.fr\/wp-content\/uploads\/2025\/06\/IMG_0629-Halle-Night-Long-\u00a9-Fanny-Poitevin-Halle-de-la-Machine-768x512.jpg 768w, https:\/\/www.halledelamachine.fr\/wp-content\/uploads\/2025\/06\/IMG_0629-Halle-Night-Long-\u00a9-Fanny-Poitevin-Halle-de-la-Machine-1536x1024.jpg 1536w, https:\/\/www.halledelamachine.fr\/wp-content\/uploads\/2025\/06\/IMG_0629-Halle-Night-Long-\u00a9-Fanny-Poitevin-Halle-de-la-Machine-2048x1365.jpg 2048w, https:\/\/www.halledelamachine.fr\/wp-content\/uploads\/2025\/06\/IMG_0629-Halle-Night-Long-\u00a9-Fanny-Poitevin-Halle-de-la-Machine-1568x1045.jpg 1568w, https:\/\/www.halledelamachine.fr\/wp-content\/uploads\/2025\/06\/IMG_0629-Halle-Night-Long-\u00a9-Fanny-Poitevin-Halle-de-la-Machine-1800x1200.jpg 1800w, https:\/\/www.halledelamachine.fr\/wp-content\/uploads\/2025\/06\/IMG_0629-Halle-Night-Long-\u00a9-Fanny-Poitevin-Halle-de-la-Machine-5x3.jpg 5w\" sizes=\"auto, (max-width: 1024px) 100vw, 1024px\" \/><\/figure><\/div>\n\n\n\n<div class=\"wp-block-columns is-layout-flex wp-container-core-columns-is-layout-9d6595d7 wp-block-columns-is-layout-flex\">\n<div class=\"wp-block-column is-layout-flow wp-block-column-is-layout-flow\">\n<h3 class=\"wp-block-heading has-text-color has-link-color wp-elements-2c21ff4b9100888e612f7cb491d149c9\" style=\"color:#3e067e\" class=\"wp-block-heading has-text-color has-link-color wp-elements-2c21ff4b9100888e612f7cb491d149c9\" style=\"color:#3e067e\" id=\"la-programmation\">LA PROGRAMMATION<\/h3>\n\n\n\n<figure class=\"wp-block-image size-full\"><img loading=\"lazy\" decoding=\"async\" width=\"1080\" height=\"1920\" src=\"https:\/\/www.halledelamachine.fr\/wp-content\/uploads\/2024\/04\/1080x1920-px-HNL-25.jpg\" alt=\"\" class=\"wp-image-3339\" srcset=\"https:\/\/www.halledelamachine.fr\/wp-content\/uploads\/2024\/04\/1080x1920-px-HNL-25.jpg 1080w, https:\/\/www.halledelamachine.fr\/wp-content\/uploads\/2024\/04\/1080x1920-px-HNL-25-169x300.jpg 169w, https:\/\/www.halledelamachine.fr\/wp-content\/uploads\/2024\/04\/1080x1920-px-HNL-25-576x1024.jpg 576w, https:\/\/www.halledelamachine.fr\/wp-content\/uploads\/2024\/04\/1080x1920-px-HNL-25-768x1365.jpg 768w, https:\/\/www.halledelamachine.fr\/wp-content\/uploads\/2024\/04\/1080x1920-px-HNL-25-864x1536.jpg 864w, https:\/\/www.halledelamachine.fr\/wp-content\/uploads\/2024\/04\/1080x1920-px-HNL-25-1013x1800.jpg 1013w, https:\/\/www.halledelamachine.fr\/wp-content\/uploads\/2024\/04\/1080x1920-px-HNL-25-3x5.jpg 3w\" sizes=\"auto, (max-width: 1080px) 100vw, 1080px\" \/><\/figure>\n<\/div>\n\n\n\n<div class=\"wp-block-column is-layout-flow wp-block-column-is-layout-flow\">\n<h3 class=\"wp-block-heading has-text-color has-link-color wp-elements-2381c5e4ff49a249ae34b98eb3848ab7\" style=\"color:#f1c834\" class=\"wp-block-heading has-text-color has-link-color wp-elements-2381c5e4ff49a249ae34b98eb3848ab7\" style=\"color:#f1c834\" id=\"juillet\">JUILLET<\/h3>\n\n\n\n<p><strong>Vendredi 4<\/strong> &#8211; DELAURENTIS (<em>Electro<\/em>)<br><strong>Samedi 5<\/strong> &#8211; DEADWOOD (<em>Rock-\u00e9lectro<br>azimut\u00e9)<\/em><br><strong>Vendredi 11<\/strong> &#8211; DEEN CK (<em>Rap<\/em>)<br><strong>Samedi 12 <\/strong>&#8211;  BLUE JAY  (<em>Pop insolente<\/em>)<br><strong>Vendredi 18<\/strong> &#8211; DJ SOULEANCE<br>(<em>DJ funky-uptempo<\/em>)<br><strong>Samedi 19<\/strong> &#8211;  LA RUBLA DEL TINTAMAR<br>(<em>Cumbia Berb\u00e8re<\/em>)<br><strong>Vendredi 25<\/strong> &#8211; YMNK (<em>Electro<\/em>)<br><strong>Samedi 26<\/strong> &#8211; MITSUN\u00c9  (<em>Tradi japonais<br>d\u00e9cal\u00e9<\/em>).  En Co-programmation en<br>partenariat avec le festival<br>Spectacles de Grands Chemins.<\/p>\n\n\n\n<p class=\"has-small-font-size\"><br><\/p>\n<\/div>\n\n\n\n<div class=\"wp-block-column is-layout-flow wp-block-column-is-layout-flow\">\n<h3 class=\"wp-block-heading has-text-color has-link-color wp-elements-0cd8f5e34710ebd93339a9cea753eec8\" style=\"color:#cd1361\" class=\"wp-block-heading has-text-color has-link-color wp-elements-0cd8f5e34710ebd93339a9cea753eec8\" style=\"color:#cd1361\" id=\"aout\">AO\u00dbT<\/h3>\n\n\n\n<p><strong>Vendredi 1<sup>er<\/sup><\/strong> &#8211; 6 SINGES  (<em>Rock psych\u00e9 \u00e9lectro<\/em>)<br><strong>Samedi 2<\/strong> &#8211; AMFIFANFARE  (<em>Fanfare balkanique dansante<\/em>)<br><strong>Vendredi 8<\/strong> &#8211; KIMIA (<em>Afro pop house<\/em>)<br><strong>Samedi 9<\/strong> &#8211; ROLANDO CANARIO &amp; MIREYA<br>(<em>Tango argentin, samba br\u00e9silienne<\/em>)<br><strong>Vendredi 15<\/strong> &#8211; DANCERS IN RED (<em>Power rock<\/em>)<br><strong>Samedi 16<\/strong> &#8211; TROPICAL CRUISER (<em>DJ afro \u00e9lectro<\/em>)<br><strong>Vendredi 22<\/strong> &#8211; JOHN BLECK BAND (<em>Reggae groove<\/em>)<br><strong>Samedi 23<\/strong> -BIG FAT SWING (<em>Swing<\/em>)<br><strong>Vendredi 29<\/strong> &#8211; BACKYARD COUNTRY FAMILY<br>(<em>Country blues<\/em>)<br><strong>Samedi 30<\/strong> &#8211; LE GRAND SILENCE(<em>Balade<br>acoustique<\/em>)<\/p>\n<\/div>\n<\/div>\n\n\n\n<figure class=\"wp-block-embed is-type-rich is-provider-spotify wp-block-embed-spotify wp-embed-aspect-21-9 wp-has-aspect-ratio\"><div class=\"wp-block-embed__wrapper\">\n<iframe title=\"Spotify Embed: Halle Night Long 2025\" style=\"border-radius: 12px\" width=\"100%\" height=\"352\" frameborder=\"0\" allowfullscreen allow=\"autoplay; clipboard-write; encrypted-media; fullscreen; picture-in-picture\" loading=\"lazy\" src=\"https:\/\/open.spotify.com\/embed\/playlist\/4g72GvnP0zMejS8633qCEx?si=QePEhuyfQBOdERcJX0pTQQ&#038;utm_source=oembed\"><\/iframe>\n<\/div><\/figure>\n\n\n\n<h3 class=\"wp-block-heading has-text-color has-link-color wp-elements-c7d5494e701e04d44572f7490df2bbb5\" style=\"color:#f1c834\" class=\"wp-block-heading has-text-color has-link-color wp-elements-c7d5494e701e04d44572f7490df2bbb5\" style=\"color:#f1c834\" id=\"les-voyages-nocturnes\">les voyages nocturnes<\/h3>\n\n\n\n<p>Exp\u00e9rience insolite autant qu\u2019inoubliable, le public est invit\u00e9 \u00e0 10 m\u00e8tres de haut, dans le temple de voyage du c\u00e9l\u00e8bre Minotaure toulousain. Ast\u00e9rion continuera en effet ses voyages sur la Piste des G\u00e9ants en soir\u00e9e jusqu&#8217;\u00e0 20h45. <\/p>\n\n\n<div class=\"HM23_CONTENT_BLOCK_LARGE HM23_INFOS_PRATIQUES\"><div class=\"HM23_TI_TITRE\">Infos pratiques<\/div><div class=\"HM23_TI_TEXTE_CONTENU\"><div class=\"o9v6fnle cxmmr5t8 oygrvhab hcukyx3x c1et5uql\"><strong>Halle Night Long : Concerts gratuits chaque vendredi et samedi<\/strong><br \/>\nDu 4 juillet au 30 ao\u00fbt 2025 de 19h \u00e0 22h.<br \/>\n&gt; Restauration sur place<\/div>\n<\/div><a class=\"HM23_CTA\" href=\"https:\/\/billetterie.halledelamachine.fr\/voyage-en-minotaure-visite-css5-halledelamachine-pg1-rg18089.html\"  target = \"_blank\" >R\u00e9SERVEZ VOS VOYAGES NOCTURNES<\/a><\/div>\n\n<\/div> <!-- .HM23_TEXT_CONTAINER --><div class=\"HM23_TI_TITRE HM23_TI_TITRE_CENTER\">HALLE SUMMER LONG<\/div><div class=\"HM23_CONTENT_BLOCK_LARGE HM23_TEXTE_IMAGE \"><div class=\"HM23_TI_VISUEL\"><img decoding=\"async\" src=\"https:\/\/www.halledelamachine.fr\/wp-content\/uploads\/2025\/06\/1080x1080-HDL-25.jpg\"  loading=\"lazy\"\/><\/div><div class=\"HM23_TI_TEXTE\"><div class=\"HM23_TI_TEXTE_CONTENU\"><p>En journ\u00e9e, un vent de fraicheur souffle aussi sur la Halle de La Machine.\u00a0 Le retour de Long Ma, des contes, des d\u00e9jeuners des Petites M\u00e9caniques, retrouvez toute la programmation de l&#8217;\u00e9t\u00e9 en \u00e0 la Halle de La Machine !<\/p>\n<\/div><a class=\"HM23_CTA\" href=\"https:\/\/www.halledelamachine.fr\/evenements\/long-ma-halle-summer-long\/\" >HALLE DAY LONG<\/a><\/div><\/div><div class=\"HM23_TEXT_CONTAINER\">","protected":false},"author":2,"featured_media":3311,"menu_order":0,"template":"","types-evenements":[16,15],"class_list":["post-3345","evenement","type-evenement","status-publish","has-post-thumbnail","hentry","types-evenements-musique","types-evenements-spectacle-vivant","entry"],"acf":[],"_links":{"self":[{"href":"https:\/\/www.halledelamachine.fr\/en\/wp-json\/wp\/v2\/evenement\/3345","targetHints":{"allow":["GET"]}}],"collection":[{"href":"https:\/\/www.halledelamachine.fr\/en\/wp-json\/wp\/v2\/evenement"}],"about":[{"href":"https:\/\/www.halledelamachine.fr\/en\/wp-json\/wp\/v2\/types\/evenement"}],"author":[{"embeddable":true,"href":"https:\/\/www.halledelamachine.fr\/en\/wp-json\/wp\/v2\/users\/2"}],"version-history":[{"count":2,"href":"https:\/\/www.halledelamachine.fr\/en\/wp-json\/wp\/v2\/evenement\/3345\/revisions"}],"predecessor-version":[{"id":3363,"href":"https:\/\/www.halledelamachine.fr\/en\/wp-json\/wp\/v2\/evenement\/3345\/revisions\/3363"}],"wp:featuredmedia":[{"embeddable":true,"href":"https:\/\/www.halledelamachine.fr\/en\/wp-json\/wp\/v2\/media\/3311"}],"wp:attachment":[{"href":"https:\/\/www.halledelamachine.fr\/en\/wp-json\/wp\/v2\/media?parent=3345"}],"wp:term":[{"taxonomy":"types-evenements","embeddable":true,"href":"https:\/\/www.halledelamachine.fr\/en\/wp-json\/wp\/v2\/types-evenements?post=3345"}],"curies":[{"name":"wp","href":"https:\/\/api.w.org\/{rel}","templated":true}]}}

</div> <!-- .HM23_TEXT_CONTAINER --><div class="HM23_CONTENT_BLOCK HM23_CHAPEAU"><p>Cette année, la Halle fêtera la 6e édition de son festival musical estival Halle Night Long. Tous les vendredis et samedis soirs des mois de juillet et d’août, la musique n’en finira pas de sonner sur le parvis de la Halle.</p>
</div><div class="HM23_TEXT_CONTAINER">


<figure class="wp-block-image size-full"><img loading="lazy" decoding="async" width="1920" height="1080" src="https://www.halledelamachine.fr/wp-content/uploads/2025/06/1920x1080-px_HNL-25.jpg" alt="" class="wp-image-3347" srcset="https://www.halledelamachine.fr/wp-content/uploads/2025/06/1920x1080-px_HNL-25.jpg 1920w, https://www.halledelamachine.fr/wp-content/uploads/2025/06/1920x1080-px_HNL-25-300x169.jpg 300w, https://www.halledelamachine.fr/wp-content/uploads/2025/06/1920x1080-px_HNL-25-1024x576.jpg 1024w, https://www.halledelamachine.fr/wp-content/uploads/2025/06/1920x1080-px_HNL-25-768x432.jpg 768w, https://www.halledelamachine.fr/wp-content/uploads/2025/06/1920x1080-px_HNL-25-1536x864.jpg 1536w, https://www.halledelamachine.fr/wp-content/uploads/2025/06/1920x1080-px_HNL-25-1568x882.jpg 1568w, https://www.halledelamachine.fr/wp-content/uploads/2025/06/1920x1080-px_HNL-25-1800x1013.jpg 1800w, https://www.halledelamachine.fr/wp-content/uploads/2025/06/1920x1080-px_HNL-25-5x3.jpg 5w" sizes="auto, (max-width: 1920px) 100vw, 1920px" /></figure>



<div class="wp-block-media-text has-media-on-the-right is-stacked-on-mobile" style="grid-template-columns:auto 51%"><div class="wp-block-media-text__content">
<p>Des concerts proposés gratuitement avec une programmation qui séduit les amateurs de toutes les tendances musicales. <br>De 19h à 22h, vivez la night fever « Halle night long », pour des apéros qui s’allongent jusqu’aux dernières lueurs du jour. Les plus gourmands étancheront leur soif et contenteront leur faim sur place : guinguette et brochettes seront aussi de la partie.</p>
</div><figure class="wp-block-media-text__media"><img loading="lazy" decoding="async" width="1024" height="683" src="https://www.halledelamachine.fr/wp-content/uploads/2025/06/IMG_0629-Halle-Night-Long-©-Fanny-Poitevin-Halle-de-la-Machine-1024x683.jpg" alt="" class="wp-image-3313 size-full" srcset="https://www.halledelamachine.fr/wp-content/uploads/2025/06/IMG_0629-Halle-Night-Long-©-Fanny-Poitevin-Halle-de-la-Machine-1024x683.jpg 1024w, https://www.halledelamachine.fr/wp-content/uploads/2025/06/IMG_0629-Halle-Night-Long-©-Fanny-Poitevin-Halle-de-la-Machine-300x200.jpg 300w, https://www.halledelamachine.fr/wp-content/uploads/2025/06/IMG_0629-Halle-Night-Long-©-Fanny-Poitevin-Halle-de-la-Machine-768x512.jpg 768w, https://www.halledelamachine.fr/wp-content/uploads/2025/06/IMG_0629-Halle-Night-Long-©-Fanny-Poitevin-Halle-de-la-Machine-1536x1024.jpg 1536w, https://www.halledelamachine.fr/wp-content/uploads/2025/06/IMG_0629-Halle-Night-Long-©-Fanny-Poitevin-Halle-de-la-Machine-2048x1365.jpg 2048w, https://www.halledelamachine.fr/wp-content/uploads/2025/06/IMG_0629-Halle-Night-Long-©-Fanny-Poitevin-Halle-de-la-Machine-1568x1045.jpg 1568w, https://www.halledelamachine.fr/wp-content/uploads/2025/06/IMG_0629-Halle-Night-Long-©-Fanny-Poitevin-Halle-de-la-Machine-1800x1200.jpg 1800w, https://www.halledelamachine.fr/wp-content/uploads/2025/06/IMG_0629-Halle-Night-Long-©-Fanny-Poitevin-Halle-de-la-Machine-5x3.jpg 5w" sizes="auto, (max-width: 1024px) 100vw, 1024px" /></figure></div>



<div class="wp-block-columns is-layout-flex wp-container-core-columns-is-layout-9d6595d7 wp-block-columns-is-layout-flex">
<div class="wp-block-column is-layout-flow wp-block-column-is-layout-flow">
<h3 class="wp-block-heading has-text-color has-link-color wp-elements-2c21ff4b9100888e612f7cb491d149c9" style="color:#3e067e" class="wp-block-heading has-text-color has-link-color wp-elements-2c21ff4b9100888e612f7cb491d149c9" style="color:#3e067e" id="la-programmation">LA PROGRAMMATION</h3>



<figure class="wp-block-image size-full"><img loading="lazy" decoding="async" width="1080" height="1920" src="https://www.halledelamachine.fr/wp-content/uploads/2024/04/1080x1920-px-HNL-25.jpg" alt="" class="wp-image-3339" srcset="https://www.halledelamachine.fr/wp-content/uploads/2024/04/1080x1920-px-HNL-25.jpg 1080w, https://www.halledelamachine.fr/wp-content/uploads/2024/04/1080x1920-px-HNL-25-169x300.jpg 169w, https://www.halledelamachine.fr/wp-content/uploads/2024/04/1080x1920-px-HNL-25-576x1024.jpg 576w, https://www.halledelamachine.fr/wp-content/uploads/2024/04/1080x1920-px-HNL-25-768x1365.jpg 768w, https://www.halledelamachine.fr/wp-content/uploads/2024/04/1080x1920-px-HNL-25-864x1536.jpg 864w, https://www.halledelamachine.fr/wp-content/uploads/2024/04/1080x1920-px-HNL-25-1013x1800.jpg 1013w, https://www.halledelamachine.fr/wp-content/uploads/2024/04/1080x1920-px-HNL-25-3x5.jpg 3w" sizes="auto, (max-width: 1080px) 100vw, 1080px" /></figure>
</div>



<div class="wp-block-column is-layout-flow wp-block-column-is-layout-flow">
<h3 class="wp-block-heading has-text-color has-link-color wp-elements-2381c5e4ff49a249ae34b98eb3848ab7" style="color:#f1c834" class="wp-block-heading has-text-color has-link-color wp-elements-2381c5e4ff49a249ae34b98eb3848ab7" style="color:#f1c834" id="juillet">JUILLET</h3>



<p><strong>Vendredi 4</strong> &#8211; DELAURENTIS (<em>Electro</em>)<br><strong>Samedi 5</strong> &#8211; DEADWOOD (<em>Rock-électro<br>azimuté)</em><br><strong>Vendredi 11</strong> &#8211; DEEN CK (<em>Rap</em>)<br><strong>Samedi 12 </strong>&#8211;  BLUE JAY  (<em>Pop insolente</em>)<br><strong>Vendredi 18</strong> &#8211; DJ SOULEANCE<br>(<em>DJ funky-uptempo</em>)<br><strong>Samedi 19</strong> &#8211;  LA RUBLA DEL TINTAMAR<br>(<em>Cumbia Berbère</em>)<br><strong>Vendredi 25</strong> &#8211; YMNK (<em>Electro</em>)<br><strong>Samedi 26</strong> &#8211; MITSUNÉ  (<em>Tradi japonais<br>décalé</em>).  En Co-programmation en<br>partenariat avec le festival<br>Spectacles de Grands Chemins.</p>



<p class="has-small-font-size"><br></p>
</div>



<div class="wp-block-column is-layout-flow wp-block-column-is-layout-flow">
<h3 class="wp-block-heading has-text-color has-link-color wp-elements-0cd8f5e34710ebd93339a9cea753eec8" style="color:#cd1361" class="wp-block-heading has-text-color has-link-color wp-elements-0cd8f5e34710ebd93339a9cea753eec8" style="color:#cd1361" id="aout">AOÛT</h3>



<p><strong>Vendredi 1<sup>er</sup></strong> &#8211; 6 SINGES  (<em>Rock psyché électro</em>)<br><strong>Samedi 2</strong> &#8211; AMFIFANFARE  (<em>Fanfare balkanique dansante</em>)<br><strong>Vendredi 8</strong> &#8211; KIMIA (<em>Afro pop house</em>)<br><strong>Samedi 9</strong> &#8211; ROLANDO CANARIO &amp; MIREYA<br>(<em>Tango argentin, samba brésilienne</em>)<br><strong>Vendredi 15</strong> &#8211; DANCERS IN RED (<em>Power rock</em>)<br><strong>Samedi 16</strong> &#8211; TROPICAL CRUISER (<em>DJ afro électro</em>)<br><strong>Vendredi 22</strong> &#8211; JOHN BLECK BAND (<em>Reggae groove</em>)<br><strong>Samedi 23</strong> -BIG FAT SWING (<em>Swing</em>)<br><strong>Vendredi 29</strong> &#8211; BACKYARD COUNTRY FAMILY<br>(<em>Country blues</em>)<br><strong>Samedi 30</strong> &#8211; LE GRAND SILENCE(<em>Balade<br>acoustique</em>)</p>
</div>
</div>



<figure class="wp-block-embed is-type-rich is-provider-spotify wp-block-embed-spotify wp-embed-aspect-21-9 wp-has-aspect-ratio"><div class="wp-block-embed__wrapper">
<iframe title="Spotify Embed: Halle Night Long 2025" style="border-radius: 12px" width="100%" height="352" frameborder="0" allowfullscreen allow="autoplay; clipboard-write; encrypted-media; fullscreen; picture-in-picture" loading="lazy" src="https://open.spotify.com/embed/playlist/4g72GvnP0zMejS8633qCEx?si=QePEhuyfQBOdERcJX0pTQQ&#038;utm_source=oembed"></iframe>
</div></figure>



<h3 class="wp-block-heading has-text-color has-link-color wp-elements-c7d5494e701e04d44572f7490df2bbb5" style="color:#f1c834" class="wp-block-heading has-text-color has-link-color wp-elements-c7d5494e701e04d44572f7490df2bbb5" style="color:#f1c834" id="les-voyages-nocturnes">les voyages nocturnes</h3>



<p>Expérience insolite autant qu’inoubliable, le public est invité à 10 mètres de haut, dans le temple de voyage du célèbre Minotaure toulousain. Astérion continuera en effet ses voyages sur la Piste des Géants en soirée jusqu&#8217;à 20h45. </p>


<div class="HM23_CONTENT_BLOCK_LARGE HM23_INFOS_PRATIQUES"><div class="HM23_TI_TITRE">Infos pratiques</div><div class="HM23_TI_TEXTE_CONTENU"><div class="o9v6fnle cxmmr5t8 oygrvhab hcukyx3x c1et5uql"><strong>Halle Night Long : Concerts gratuits chaque vendredi et samedi</strong><br />
Du 4 juillet au 30 août 2025 de 19h à 22h.<br />
&gt; Restauration sur place</div>
</div><a class="HM23_CTA" href="https://billetterie.halledelamachine.fr/voyage-en-minotaure-visite-css5-halledelamachine-pg1-rg18089.html"  target = "_blank" >RéSERVEZ VOS VOYAGES NOCTURNES</a></div>

</div> <!-- .HM23_TEXT_CONTAINER --><div class="HM23_TI_TITRE HM23_TI_TITRE_CENTER">HALLE SUMMER LONG</div><div class="HM23_CONTENT_BLOCK_LARGE HM23_TEXTE_IMAGE "><div class="HM23_TI_VISUEL"><img decoding="async" src="https://www.halledelamachine.fr/wp-content/uploads/2025/06/1080x1080-HDL-25.jpg"  loading="lazy"/></div><div class="HM23_TI_TEXTE"><div class="HM23_TI_TEXTE_CONTENU"><p>En journée, un vent de fraicheur souffle aussi sur la Halle de La Machine.  Le retour de Long Ma, des contes, des déjeuners des Petites Mécaniques, retrouvez toute la programmation de l&#8217;été en à la Halle de La Machine !</p>
</div><a class="HM23_CTA" href="https://www.halledelamachine.fr/evenements/long-ma-halle-summer-long/" >HALLE DAY LONG</a></div></div><div class="HM23_TEXT_CONTAINER">
