{"id":856,"date":"2024-02-21T09:45:03","date_gmt":"2024-02-21T08:45:03","guid":{"rendered":"https:\/\/www.halledelamachine.fr\/?page_id=856"},"modified":"2024-06-19T15:47:22","modified_gmt":"2024-06-19T13:47:22","slug":"le-manege-carre-senart","status":"publish","type":"page","link":"https:\/\/www.halledelamachine.fr\/en\/la-piste-des-geants\/le-manege-carre-senart\/","title":{"rendered":"The Carr\u00e9 S\u00e9nart Carousel"},"content":{"rendered":"<\/div> <!-- .HM23_TEXT_CONTAINER --><div class=\"HM23_CONTENT_BLOCK HM23_CHAPEAU\"><p>Giant buffaloes encounter a host of insects while praying mantises climb into the heart of this improbable setting. The Carr\u00e9 S\u00e9nart Carousel invites young and old to enter an imaginary world at the heart of the fairground arts, on Place Bouilloux-Lafont.<\/p>\n<\/div><div class=\"HM23_TEXT_CONTAINER\">\n\n<\/div> <!-- .HM23_TEXT_CONTAINER --><div class=\"HM23_TI_TITRE HM23_TI_TITRE_CENTER\">Embark on the Carr\u00e9 S\u00e9nart Carousel<\/div><div class=\"HM23_CONTENT_BLOCK_LARGE HM23_TEXTE_IMAGE \"><div class=\"HM23_TI_VISUEL\"><img decoding=\"async\" src=\"https:\/\/www.halledelamachine.fr\/wp-content\/uploads\/2024\/02\/P1470356ok-p.david-halledelamachine-1800x1013.webp\"  loading=\"lazy\"\/><\/div><div class=\"HM23_TI_TEXTE\"><div class=\"HM23_TI_TEXTE_CONTENU\"><p>18 meters on each side, the highest point at 14 meters, a unique shape, the Carr\u00e9 S\u00e9nart Carousel invites adults and children to exchange looks. All year round, forty-eight people can board this wood and steel carousel to share the emotion of an imaginary journey.<\/p>\n<\/div><\/div><\/div><div class=\"HM23_TEXT_CONTAINER\">\n\n<div class=\"HM23_CONTENT_BLOCK_LARGE HM23_INFOS_PRATIQUES\"><div class=\"HM23_TI_TITRE\">Practical information<\/div><div class=\"HM23_TI_TEXTE_CONTENU\"><p><strong>Hours of opening<\/strong><br \/>\nDuring school holidays (zone C) : Tuesday to Sunday<br \/>\nWeek-ends : 10 a.m &#8211; 1 p.m (last ride at 12:45 p.m) \/ 2 p.m- 6 p.m h (last ride at 5:45 p.m)<\/p>\n<p><strong>Online or on-site ticketing<\/strong><br \/>\n3,50 \u20ac per tour || 1 free ticket from 5 tickets purchased<\/p>\n<\/div><a class=\"HM23_CTA\" href=\"https:\/\/billetterie.halledelamachine.fr\/manege-carre-senart-spectacle-css5-halledelamachine-pg51-ei840823.html\"  target = \"_blank\" >BUY YOU TICKETS ONLINE<\/a><\/div>\n\n<\/div> <!-- .HM23_TEXT_CONTAINER --><div class=\"HM23_CONTENT_BLOCK_FULL HM23_GALERIE\"><div class=\"HM23_GALERIE_TITRE\">En images<\/div><div id=\"HM23_G_4298592\" class=\"HM23_GALERIE_CONTAINER\"><div class=\"HM23_GALERIE_ITEM\"><img decoding=\"async\" src=\"https:\/\/www.halledelamachine.fr\/wp-content\/uploads\/2024\/03\/P1640892ok.webp\" alt=\"Man\u00e8ge Carr\u00e9 S\u00e9nart - Halle de La Machine\" loading=\"lazy\"><div class=\"HM23_GALERIE_ITEM_LABEL HM23_GALERIE_ITEM_TITRE\">Man\u00e8ge Carr\u00e9 S\u00e9nart &#8211; Halle de La Machine<\/div><div class=\"HM23_GALERIE_ITEM_LABEL HM23_GALERIE_ITEM_COPYRIGHT\">\u00a9 pdavid-halledelamachine<\/div><\/div><div class=\"HM23_GALERIE_ITEM\"><img decoding=\"async\" src=\"https:\/\/www.halledelamachine.fr\/wp-content\/uploads\/2024\/03\/Photo\u00a9Jordi-Bover_9204-copia.webp\" alt=\"Man\u00e8ge Carr\u00e9 S\u00e9nart - Halle de La Machine\" loading=\"lazy\"><div class=\"HM23_GALERIE_ITEM_LABEL HM23_GALERIE_ITEM_TITRE\">Man\u00e8ge Carr\u00e9 S\u00e9nart &#8211; Halle de La Machine<\/div><div class=\"HM23_GALERIE_ITEM_LABEL HM23_GALERIE_ITEM_COPYRIGHT\">\u00a9  jordibover<\/div><\/div><div class=\"HM23_GALERIE_ITEM\"><img decoding=\"async\" src=\"https:\/\/www.halledelamachine.fr\/wp-content\/uploads\/2024\/03\/P1440993ok-p.david-halledelamachine-1024x576.webp\" alt=\"Man\u00e8ge Carr\u00e9 S\u00e9nart - Halle de La Machine\" loading=\"lazy\"><div class=\"HM23_GALERIE_ITEM_LABEL HM23_GALERIE_ITEM_TITRE\">Man\u00e8ge Carr\u00e9 S\u00e9nart &#8211; Halle de La Machine<\/div><div class=\"HM23_GALERIE_ITEM_LABEL HM23_GALERIE_ITEM_COPYRIGHT\">\u00a9 pdavid-halledelamachine<\/div><\/div><\/div>\t\t<script>\n\t\t$( document ).ready(function() {\n\t\t\t$('#HM23_G_4298592').flickity({\n\t\t\t  \/\/ options\n\t\t\t  cellAlign: 'left',\n\t\t\t  contain: true\n\t\t\t});\n\t\t})\n\t\t\n\t\t<\/script>\n\t\t<div class=\"HM23_TEXT_CONTAINER\">\n\n<div class=\"HM23_CARACTERISTIQUES\"><div class=\"HM23_GALERIE_TITRE\">Technical characteristics<\/div><img decoding=\"async\" class=\"HM23_CARACTERISTIQUES_ILLUSTRATION\" alt=\"Croquis de la machine\" loading=\"lazy\" src=\"https:\/\/www.halledelamachine.fr\/wp-content\/uploads\/2024\/03\/vue-generale-du-manege-1-1024x661.webp\"><div class=\"HM23_CARACTERISTIQUES_COLS\"><div class=\"HM23_CARACTERISTIQUES_COL HM23_CARACTERISTIQUES_COL_LEFT\"><div class=\"HM23_CARACTERISTIQUES_SURTITRE\">Apparition<\/div><div class=\"HM23_CARACTERISTIQUES_TITRE\">2008<\/div><div class=\"HM23_CARACTERISTIQUES_SURTITRE\">Type<\/div><div class=\"HM23_CARACTERISTIQUES_TITRE\">Carousel<\/div><\/div><div class=\"HM23_CARACTERISTIQUES_COL HM23_CARACTERISTIQUES_COL_RIGHT\"><div class=\"HM23_CARACTERISTIQUES_SURTITRE\">Size<\/div><div class=\"HM23_CARACTERISTIQUES_TITRE\">40 tons<br \/>\r\n18 m side meter<br \/>\r\n14 hight meter<\/div><div class=\"HM23_CARACTERISTIQUES_SURTITRE\">Material<\/div><div class=\"HM23_CARACTERISTIQUES_TITRE\">Wood, steel, glass, canvas<\/div><\/div><\/div><\/div>\n\n","protected":false},"excerpt":{"rendered":"","protected":false},"author":2,"featured_media":993,"parent":175,"menu_order":1,"comment_status":"closed","ping_status":"closed","template":"","meta":{"_acf_changed":false,"footnotes":""},"class_list":["post-856","page","type-page","status-publish","has-post-thumbnail","hentry","entry"],"acf":[],"_links":{"self":[{"href":"https:\/\/www.halledelamachine.fr\/en\/wp-json\/wp\/v2\/pages\/856","targetHints":{"allow":["GET"]}}],"collection":[{"href":"https:\/\/www.halledelamachine.fr\/en\/wp-json\/wp\/v2\/pages"}],"about":[{"href":"https:\/\/www.halledelamachine.fr\/en\/wp-json\/wp\/v2\/types\/page"}],"author":[{"embeddable":true,"href":"https:\/\/www.halledelamachine.fr\/en\/wp-json\/wp\/v2\/users\/2"}],"replies":[{"embeddable":true,"href":"https:\/\/www.halledelamachine.fr\/en\/wp-json\/wp\/v2\/comments?post=856"}],"version-history":[{"count":5,"href":"https:\/\/www.halledelamachine.fr\/en\/wp-json\/wp\/v2\/pages\/856\/revisions"}],"predecessor-version":[{"id":2115,"href":"https:\/\/www.halledelamachine.fr\/en\/wp-json\/wp\/v2\/pages\/856\/revisions\/2115"}],"up":[{"embeddable":true,"href":"https:\/\/www.halledelamachine.fr\/en\/wp-json\/wp\/v2\/pages\/175"}],"wp:featuredmedia":[{"embeddable":true,"href":"https:\/\/www.halledelamachine.fr\/en\/wp-json\/wp\/v2\/media\/993"}],"wp:attachment":[{"href":"https:\/\/www.halledelamachine.fr\/en\/wp-json\/wp\/v2\/media?parent=856"}],"curies":[{"name":"wp","href":"https:\/\/api.w.org\/{rel}","templated":true}]}}

The Carré Sénart Carousel

</div> <!-- .HM23_TEXT_CONTAINER --><div class="HM23_CONTENT_BLOCK HM23_CHAPEAU"><p>Giant buffaloes encounter a host of insects while praying mantises climb into the heart of this improbable setting. The Carré Sénart Carousel invites young and old to enter an imaginary world at the heart of the fairground arts, on Place Bouilloux-Lafont.</p>
</div><div class="HM23_TEXT_CONTAINER">

</div> <!-- .HM23_TEXT_CONTAINER --><div class="HM23_TI_TITRE HM23_TI_TITRE_CENTER">Embark on the Carré Sénart Carousel</div><div class="HM23_CONTENT_BLOCK_LARGE HM23_TEXTE_IMAGE "><div class="HM23_TI_VISUEL"><img decoding="async" src="https://www.halledelamachine.fr/wp-content/uploads/2024/02/P1470356ok-p.david-halledelamachine-1800x1013.webp"  loading="lazy"/></div><div class="HM23_TI_TEXTE"><div class="HM23_TI_TEXTE_CONTENU"><p>18 meters on each side, the highest point at 14 meters, a unique shape, the Carré Sénart Carousel invites adults and children to exchange looks. All year round, forty-eight people can board this wood and steel carousel to share the emotion of an imaginary journey.</p>
</div></div></div><div class="HM23_TEXT_CONTAINER">

<div class="HM23_CONTENT_BLOCK_LARGE HM23_INFOS_PRATIQUES"><div class="HM23_TI_TITRE">Practical information</div><div class="HM23_TI_TEXTE_CONTENU"><p><strong>Hours of opening</strong><br />
During school holidays (zone C) : Tuesday to Sunday<br />
Week-ends : 10 a.m &#8211; 1 p.m (last ride at 12:45 p.m) / 2 p.m- 6 p.m h (last ride at 5:45 p.m)</p>
<p><strong>Online or on-site ticketing</strong><br />
3,50 € per tour || 1 free ticket from 5 tickets purchased</p>
</div><a class="HM23_CTA" href="https://billetterie.halledelamachine.fr/manege-carre-senart-spectacle-css5-halledelamachine-pg51-ei840823.html"  target = "_blank" >BUY YOU TICKETS ONLINE</a></div>

</div> <!-- .HM23_TEXT_CONTAINER --><div class="HM23_CONTENT_BLOCK_FULL HM23_GALERIE"><div class="HM23_GALERIE_TITRE">En images</div><div id="HM23_G_4298592" class="HM23_GALERIE_CONTAINER"><div class="HM23_GALERIE_ITEM"><img decoding="async" src="https://www.halledelamachine.fr/wp-content/uploads/2024/03/P1640892ok.webp" alt="Manège Carré Sénart - Halle de La Machine" loading="lazy"><div class="HM23_GALERIE_ITEM_LABEL HM23_GALERIE_ITEM_TITRE">Manège Carré Sénart &#8211; Halle de La Machine</div><div class="HM23_GALERIE_ITEM_LABEL HM23_GALERIE_ITEM_COPYRIGHT">© pdavid-halledelamachine</div></div><div class="HM23_GALERIE_ITEM"><img decoding="async" src="https://www.halledelamachine.fr/wp-content/uploads/2024/03/Photo©Jordi-Bover_9204-copia.webp" alt="Manège Carré Sénart - Halle de La Machine" loading="lazy"><div class="HM23_GALERIE_ITEM_LABEL HM23_GALERIE_ITEM_TITRE">Manège Carré Sénart &#8211; Halle de La Machine</div><div class="HM23_GALERIE_ITEM_LABEL HM23_GALERIE_ITEM_COPYRIGHT">©  jordibover</div></div><div class="HM23_GALERIE_ITEM"><img decoding="async" src="https://www.halledelamachine.fr/wp-content/uploads/2024/03/P1440993ok-p.david-halledelamachine-1024x576.webp" alt="Manège Carré Sénart - Halle de La Machine" loading="lazy"><div class="HM23_GALERIE_ITEM_LABEL HM23_GALERIE_ITEM_TITRE">Manège Carré Sénart &#8211; Halle de La Machine</div><div class="HM23_GALERIE_ITEM_LABEL HM23_GALERIE_ITEM_COPYRIGHT">© pdavid-halledelamachine</div></div></div>		<script>
		$( document ).ready(function() {
			$('#HM23_G_4298592').flickity({
			  // options
			  cellAlign: 'left',
			  contain: true
			});
		})
		
		</script>
		<div class="HM23_TEXT_CONTAINER">

<div class="HM23_CARACTERISTIQUES"><div class="HM23_GALERIE_TITRE">Technical characteristics</div><img decoding="async" class="HM23_CARACTERISTIQUES_ILLUSTRATION" alt="Croquis de la machine" loading="lazy" src="https://www.halledelamachine.fr/wp-content/uploads/2024/03/vue-generale-du-manege-1-1024x661.webp"><div class="HM23_CARACTERISTIQUES_COLS"><div class="HM23_CARACTERISTIQUES_COL HM23_CARACTERISTIQUES_COL_LEFT"><div class="HM23_CARACTERISTIQUES_SURTITRE">Apparition</div><div class="HM23_CARACTERISTIQUES_TITRE">2008</div><div class="HM23_CARACTERISTIQUES_SURTITRE">Type</div><div class="HM23_CARACTERISTIQUES_TITRE">Carousel</div></div><div class="HM23_CARACTERISTIQUES_COL HM23_CARACTERISTIQUES_COL_RIGHT"><div class="HM23_CARACTERISTIQUES_SURTITRE">Size</div><div class="HM23_CARACTERISTIQUES_TITRE">40 tons<br />
18 m side meter<br />
14 hight meter</div><div class="HM23_CARACTERISTIQUES_SURTITRE">Material</div><div class="HM23_CARACTERISTIQUES_TITRE">Wood, steel, glass, canvas</div></div></div></div>
