{"id":2308,"date":"2024-01-30T16:23:52","date_gmt":"2024-01-30T15:23:52","guid":{"rendered":"https:\/\/www.halledelamachine.fr\/evenements\/snow-wind-fire\/"},"modified":"2024-06-26T11:10:16","modified_gmt":"2024-06-26T09:10:16","slug":"snow-wind-fire","status":"publish","type":"evenement","link":"https:\/\/www.halledelamachine.fr\/es\/evenements\/snow-wind-fire\/","title":{"rendered":"SnoW, wind &#038; fire"},"content":{"rendered":"<\/div> <!-- .HM23_TEXT_CONTAINER --><div class=\"HM23_CONTENT_BLOCK HM23_CHAPEAU\"><p><strong>\u00ab<em>L\u2019art de la rue c\u2019est l\u2019art de l\u2019impr\u00e9vu.\u00bb<\/em><\/strong><\/p>\n<p><strong>D\u00e8s le 10 f\u00e9vrier 2024 \u00e0 la Halle de La Machine \u00e0 Toulouse, <em>Snow, Wind &amp; Fire<\/em>\u00a0invite les spectateurs \u00e0 se laisser surprendre et \u00e0 vivre une exp\u00e9rience inattendue, au c\u0153ur des effets sp\u00e9ciaux des spectacles de la Compagnie La Machine.<\/strong><\/p>\n<\/div><div class=\"HM23_TEXT_CONTAINER\">\n\n\n<figure class=\"wp-block-embed alignfull is-type-video is-provider-youtube wp-block-embed-youtube wp-embed-aspect-16-9 wp-has-aspect-ratio\"><div class=\"wp-block-embed__wrapper\">\n<iframe loading=\"lazy\" title=\"Snow Wind and fire  - Halle de La Machine - Toulouse\" width=\"750\" height=\"422\" src=\"https:\/\/www.youtube.com\/embed\/xK6OKe5wp6w?feature=oembed\" frameborder=\"0\" allow=\"accelerometer; autoplay; clipboard-write; encrypted-media; gyroscope; picture-in-picture; web-share\" allowfullscreen><\/iframe>\n<\/div><\/figure>\n\n\n<\/div> <!-- .HM23_TEXT_CONTAINER --><div class=\"HM23_CONTENT_BLOCK_LARGE HM23_TEXTE_IMAGE  HM23_FLEX_REVERSED \"><div class=\"HM23_TI_VISUEL\"><img decoding=\"async\" src=\"https:\/\/www.halledelamachine.fr\/wp-content\/uploads\/2023\/10\/P1380498ok-Machine-a-neige-Noel-dAsterion-\u00a9-Pauline-DAVID-Halle-de-la-Machine-1800x1013.jpg\"  loading=\"lazy\"\/><\/div><div class=\"HM23_TI_TEXTE\"><div class=\"HM23_TI_TITRE\">Entresorts et machines \u00e0 effets<\/div><div class=\"HM23_TI_TEXTE_CONTENU\"><p style=\"text-align: right;\">\u00c0 partir du samedi 10 f\u00e9vrier 2024, d\u2019\u00e9tranges ph\u00e9nom\u00e8nes m\u00e9t\u00e9orologiques convergent \u00e0 la Halle de La Machine \u00e0 Toulouse. Le feu, la neige ou le vent d\u00e9fient les sens des visiteurs et les entourent pour cr\u00e9er une sc\u00e8ne \u00e0 360 degr\u00e9s. Qu\u2019ils soient con\u00e7us avec trois bouts de ficelle ou qu\u2019ils aient besoin d\u2019une machinerie complexe, ces effets ont tous le m\u00eame but : laisser l\u2019impr\u00e9vu s\u2019insinuer dans la r\u00e9alit\u00e9. Et si la surprise est \u00e9ph\u00e9m\u00e8re, la machine elle, saura immortaliser ce moment en photographiant la stupeur des visiteurs. Chaque participant pourra ainsi repartir avec un instantan\u00e9 de son exp\u00e9rience sensorielle. Et tant mieux si l\u2019image d\u00e9borde l\u00e9g\u00e8rement du cadre\u2026<br \/>\nAlors installez-vous (plus ou moins) confortablement face \u00e0 nos machines \u00e0 effets, bravez les temp\u00eates, affrontez les flammes, perdez-vous dans un tourbillon de neige et laissez-vous surprendre par la magie des effets.<\/p>\n<\/div><a class=\"HM23_CTA\" href=\"https:\/\/billetterie.halledelamachine.fr\/index-css5-halledelamachine-pg1.html\"  target = \"_blank\" >R\u00e9servez<\/a><\/div><\/div><div class=\"HM23_TEXT_CONTAINER\">\n\n\n<details class=\"wp-block-details is-layout-flow wp-block-details-is-layout-flow\" style=\"font-style:normal;font-weight:700\" open><summary>D\u00e8s le 10 f\u00e9vrier \u2013 Halle de La Machine \u00e0 Toulouse<br>Ouverture du mardi au dimanche&nbsp; \u2013 de 10 h \u00e0 18 h<\/summary>\n<p><\/p>\n<\/details>\n","protected":false},"author":2,"featured_media":624,"menu_order":0,"template":"","types-evenements":[],"class_list":["post-2308","evenement","type-evenement","status-publish","has-post-thumbnail","hentry","entry"],"acf":[],"_links":{"self":[{"href":"https:\/\/www.halledelamachine.fr\/es\/wp-json\/wp\/v2\/evenement\/2308","targetHints":{"allow":["GET"]}}],"collection":[{"href":"https:\/\/www.halledelamachine.fr\/es\/wp-json\/wp\/v2\/evenement"}],"about":[{"href":"https:\/\/www.halledelamachine.fr\/es\/wp-json\/wp\/v2\/types\/evenement"}],"author":[{"embeddable":true,"href":"https:\/\/www.halledelamachine.fr\/es\/wp-json\/wp\/v2\/users\/2"}],"version-history":[{"count":1,"href":"https:\/\/www.halledelamachine.fr\/es\/wp-json\/wp\/v2\/evenement\/2308\/revisions"}],"predecessor-version":[{"id":2309,"href":"https:\/\/www.halledelamachine.fr\/es\/wp-json\/wp\/v2\/evenement\/2308\/revisions\/2309"}],"wp:featuredmedia":[{"embeddable":true,"href":"https:\/\/www.halledelamachine.fr\/es\/wp-json\/wp\/v2\/media\/624"}],"wp:attachment":[{"href":"https:\/\/www.halledelamachine.fr\/es\/wp-json\/wp\/v2\/media?parent=2308"}],"wp:term":[{"taxonomy":"types-evenements","embeddable":true,"href":"https:\/\/www.halledelamachine.fr\/es\/wp-json\/wp\/v2\/types-evenements?post=2308"}],"curies":[{"name":"wp","href":"https:\/\/api.w.org\/{rel}","templated":true}]}}

</div> <!-- .HM23_TEXT_CONTAINER --><div class="HM23_CONTENT_BLOCK HM23_CHAPEAU"><p><strong>«<em>L’art de la rue c’est l’art de l’imprévu.»</em></strong></p>
<p><strong>Dès le 10 février 2024 à la Halle de La Machine à Toulouse, <em>Snow, Wind &amp; Fire</em> invite les spectateurs à se laisser surprendre et à vivre une expérience inattendue, au cœur des effets spéciaux des spectacles de la Compagnie La Machine.</strong></p>
</div><div class="HM23_TEXT_CONTAINER">


<figure class="wp-block-embed alignfull is-type-video is-provider-youtube wp-block-embed-youtube wp-embed-aspect-16-9 wp-has-aspect-ratio"><div class="wp-block-embed__wrapper">
<iframe loading="lazy" title="Snow Wind and fire  - Halle de La Machine - Toulouse" width="750" height="422" src="https://www.youtube.com/embed/xK6OKe5wp6w?feature=oembed" frameborder="0" allow="accelerometer; autoplay; clipboard-write; encrypted-media; gyroscope; picture-in-picture; web-share" allowfullscreen></iframe>
</div></figure>


</div> <!-- .HM23_TEXT_CONTAINER --><div class="HM23_CONTENT_BLOCK_LARGE HM23_TEXTE_IMAGE  HM23_FLEX_REVERSED "><div class="HM23_TI_VISUEL"><img decoding="async" src="https://www.halledelamachine.fr/wp-content/uploads/2023/10/P1380498ok-Machine-a-neige-Noel-dAsterion-©-Pauline-DAVID-Halle-de-la-Machine-1800x1013.jpg"  loading="lazy"/></div><div class="HM23_TI_TEXTE"><div class="HM23_TI_TITRE">Entresorts et machines à effets</div><div class="HM23_TI_TEXTE_CONTENU"><p style="text-align: right;">À partir du samedi 10 février 2024, d’étranges phénomènes météorologiques convergent à la Halle de La Machine à Toulouse. Le feu, la neige ou le vent défient les sens des visiteurs et les entourent pour créer une scène à 360 degrés. Qu’ils soient conçus avec trois bouts de ficelle ou qu’ils aient besoin d’une machinerie complexe, ces effets ont tous le même but : laisser l’imprévu s’insinuer dans la réalité. Et si la surprise est éphémère, la machine elle, saura immortaliser ce moment en photographiant la stupeur des visiteurs. Chaque participant pourra ainsi repartir avec un instantané de son expérience sensorielle. Et tant mieux si l’image déborde légèrement du cadre…<br />
Alors installez-vous (plus ou moins) confortablement face à nos machines à effets, bravez les tempêtes, affrontez les flammes, perdez-vous dans un tourbillon de neige et laissez-vous surprendre par la magie des effets.</p>
</div><a class="HM23_CTA" href="https://billetterie.halledelamachine.fr/index-css5-halledelamachine-pg1.html"  target = "_blank" >Réservez</a></div></div><div class="HM23_TEXT_CONTAINER">


<details class="wp-block-details is-layout-flow wp-block-details-is-layout-flow" style="font-style:normal;font-weight:700" open><summary>Dès le 10 février – Halle de La Machine à Toulouse<br>Ouverture du mardi au dimanche&nbsp; – de 10 h à 18 h</summary>
<p></p>
</details>
