{"id":2316,"date":"2024-04-11T17:22:22","date_gmt":"2024-04-11T15:22:22","guid":{"rendered":"https:\/\/www.halledelamachine.fr\/evenements\/halle-night-long\/"},"modified":"2025-10-20T14:49:44","modified_gmt":"2025-10-20T12:49:44","slug":"long-ma-halle-summer-long","status":"publish","type":"evenement","link":"https:\/\/www.halledelamachine.fr\/es\/evenements\/long-ma-halle-summer-long\/","title":{"rendered":"El regreso de Long Ma"},"content":{"rendered":"<\/div> <!-- .HM23_TEXT_CONTAINER --><div class=\"HM23_CONTENT_BLOCK HM23_CHAPEAU\"><p>Este a\u00f1o 2025, nuestra inolvidable yegua dragona, llamada Long ma, regresa a la Halle de La Machine. \u00a1Estar\u00e1 presente hasta el 4 de enero de 2026! No se la pierdan.<\/p>\n<\/div><div class=\"HM23_TEXT_CONTAINER\">\n\n\n<figure class=\"wp-block-image size-full\"><img loading=\"lazy\" decoding=\"async\" width=\"1080\" height=\"1080\" src=\"https:\/\/www.halledelamachine.fr\/wp-content\/uploads\/2024\/04\/1080x1080-px-Halle-de-La-Machine-_-Long-Ma-sur-le-fil-de-lautomne.jpg\" alt=\"\" class=\"wp-image-3860\" srcset=\"https:\/\/www.halledelamachine.fr\/wp-content\/uploads\/2024\/04\/1080x1080-px-Halle-de-La-Machine-_-Long-Ma-sur-le-fil-de-lautomne.jpg 1080w, https:\/\/www.halledelamachine.fr\/wp-content\/uploads\/2024\/04\/1080x1080-px-Halle-de-La-Machine-_-Long-Ma-sur-le-fil-de-lautomne-300x300.jpg 300w, https:\/\/www.halledelamachine.fr\/wp-content\/uploads\/2024\/04\/1080x1080-px-Halle-de-La-Machine-_-Long-Ma-sur-le-fil-de-lautomne-1024x1024.jpg 1024w, https:\/\/www.halledelamachine.fr\/wp-content\/uploads\/2024\/04\/1080x1080-px-Halle-de-La-Machine-_-Long-Ma-sur-le-fil-de-lautomne-150x150.jpg 150w, https:\/\/www.halledelamachine.fr\/wp-content\/uploads\/2024\/04\/1080x1080-px-Halle-de-La-Machine-_-Long-Ma-sur-le-fil-de-lautomne-768x768.jpg 768w, https:\/\/www.halledelamachine.fr\/wp-content\/uploads\/2024\/04\/1080x1080-px-Halle-de-La-Machine-_-Long-Ma-sur-le-fil-de-lautomne-5x5.jpg 5w\" sizes=\"auto, (max-width: 1080px) 100vw, 1080px\" \/><\/figure>\n\n\n\n<h3 class=\"wp-block-heading has-text-color has-link-color wp-elements-d57d1779321de4e16e2a1723a86b9164\" style=\"color:#ab1005\" class=\"wp-block-heading has-text-color has-link-color wp-elements-d57d1779321de4e16e2a1723a86b9164\" style=\"color:#ab1005\" id=\"el-regreso-de-long-ma\">el regreso de long ma<\/h3>\n\n\n\n<div class=\"wp-block-media-text is-stacked-on-mobile\" style=\"grid-template-columns:49% auto\"><figure class=\"wp-block-media-text__media\"><img loading=\"lazy\" decoding=\"async\" width=\"1024\" height=\"576\" src=\"https:\/\/www.halledelamachine.fr\/wp-content\/uploads\/2024\/04\/P1350215ok-creditp.david_-1024x576.jpg\" alt=\"\" class=\"wp-image-3282 size-full\" srcset=\"https:\/\/www.halledelamachine.fr\/wp-content\/uploads\/2024\/04\/P1350215ok-creditp.david_-1024x576.jpg 1024w, https:\/\/www.halledelamachine.fr\/wp-content\/uploads\/2024\/04\/P1350215ok-creditp.david_-300x169.jpg 300w, https:\/\/www.halledelamachine.fr\/wp-content\/uploads\/2024\/04\/P1350215ok-creditp.david_-768x432.jpg 768w, https:\/\/www.halledelamachine.fr\/wp-content\/uploads\/2024\/04\/P1350215ok-creditp.david_-1536x864.jpg 1536w, https:\/\/www.halledelamachine.fr\/wp-content\/uploads\/2024\/04\/P1350215ok-creditp.david_-2048x1153.jpg 2048w, https:\/\/www.halledelamachine.fr\/wp-content\/uploads\/2024\/04\/P1350215ok-creditp.david_-1568x882.jpg 1568w, https:\/\/www.halledelamachine.fr\/wp-content\/uploads\/2024\/04\/P1350215ok-creditp.david_-1800x1013.jpg 1800w, https:\/\/www.halledelamachine.fr\/wp-content\/uploads\/2024\/04\/P1350215ok-creditp.david_-5x3.jpg 5w\" sizes=\"auto, (max-width: 1024px) 100vw, 1024px\" \/><\/figure><div class=\"wp-block-media-text__content\">\n<p>enga a descubrir la gracia y el encanto indiscutible de Long Ma, nuestra yegua drag\u00f3n de 12 metros de altura. Despu\u00e9s de recorrer el mundo desde Pek\u00edn hasta Ottawa, Long Ma regresa a Toulouse hasta el 4 de enero de 2026. A su lado, muy cerca de sus monumentales patas, marav\u00edllese con los detalles de sus colores, su grupa, su esbelto cuello y los materiales que la componen. Adivine qu\u00e9 animales la componen y han inspirado a su creador, Fran\u00e7ois Delaroziere. Cada fin de semana, Long Ma se despierta a diario en el interior de la Halle de La Machine.<br><strong>>> Durante la vacaciones despertares en el interior de la Halle.<\/strong><\/p>\n\n\n\n<p><\/p>\n<\/div><\/div>\n\n\n\n<h3 class=\"wp-block-heading has-text-color has-link-color wp-elements-7e3b6e46d06d94eb3ec6e73cb493cd40\" style=\"color:#ab1005\" class=\"wp-block-heading has-text-color has-link-color wp-elements-7e3b6e46d06d94eb3ec6e73cb493cd40\" style=\"color:#ab1005\" id=\"anatomia-de-un-espectaculo\">Anatom\u00eda de un espect\u00e1culo<\/h3>\n\n\n\n<div class=\"wp-block-media-text has-media-on-the-right is-stacked-on-mobile\"><div class=\"wp-block-media-text__content\">\n<p>La exposici\u00f3n \u00abAnatom\u00eda de un espect\u00e1culo\u00bb desvela los entresijos de la creaci\u00f3n de la \u00f3pera urbana \u00abLe Gardien du Temple \u2013 La Porte des T\u00e9n\u00e8bres\u00bb (El guardi\u00e1n del templo \u2013 La puerta de las tinieblas). Este espect\u00e1culo, que tuvo un \u00e9xito rotundo, reuni\u00f3 a nada menos que 1,2 millones de curiosos en las calles de Toulouse. En esta ocasi\u00f3n, la Compagnie de la Machine pone de relieve a los artesanos que trabajan entre bastidores, esos creadores apasionados cuyo trabajo fue esencial para el \u00e9xito de esta obra maestra. A trav\u00e9s de bocetos y esbozos, la exposici\u00f3n desvela los desconocidos or\u00edgenes de Lilith. Desde la maqueta hasta la versi\u00f3n final, se necesit\u00f3 m\u00e1s de un a\u00f1o de trabajo para dar forma a su busto de mujer, su aguij\u00f3n y los adornos que lo rodean.<br><strong>>> De martes a domingo, de 10:00 a 18:00.<\/strong><\/p>\n\n\n\n<p><\/p>\n<\/div><figure class=\"wp-block-media-text__media\"><img loading=\"lazy\" decoding=\"async\" width=\"1024\" height=\"576\" src=\"https:\/\/www.halledelamachine.fr\/wp-content\/uploads\/2024\/04\/P1750264ok-\u00a9-Pauline-David-Halle-de-La-Machine-1024x576.jpg\" alt=\"\" class=\"wp-image-3279 size-full\" srcset=\"https:\/\/www.halledelamachine.fr\/wp-content\/uploads\/2024\/04\/P1750264ok-\u00a9-Pauline-David-Halle-de-La-Machine-1024x576.jpg 1024w, https:\/\/www.halledelamachine.fr\/wp-content\/uploads\/2024\/04\/P1750264ok-\u00a9-Pauline-David-Halle-de-La-Machine-300x169.jpg 300w, https:\/\/www.halledelamachine.fr\/wp-content\/uploads\/2024\/04\/P1750264ok-\u00a9-Pauline-David-Halle-de-La-Machine-768x432.jpg 768w, https:\/\/www.halledelamachine.fr\/wp-content\/uploads\/2024\/04\/P1750264ok-\u00a9-Pauline-David-Halle-de-La-Machine-1536x864.jpg 1536w, https:\/\/www.halledelamachine.fr\/wp-content\/uploads\/2024\/04\/P1750264ok-\u00a9-Pauline-David-Halle-de-La-Machine-2048x1152.jpg 2048w, https:\/\/www.halledelamachine.fr\/wp-content\/uploads\/2024\/04\/P1750264ok-\u00a9-Pauline-David-Halle-de-La-Machine-1568x882.jpg 1568w, https:\/\/www.halledelamachine.fr\/wp-content\/uploads\/2024\/04\/P1750264ok-\u00a9-Pauline-David-Halle-de-La-Machine-1800x1013.jpg 1800w, https:\/\/www.halledelamachine.fr\/wp-content\/uploads\/2024\/04\/P1750264ok-\u00a9-Pauline-David-Halle-de-La-Machine-5x3.jpg 5w\" sizes=\"auto, (max-width: 1024px) 100vw, 1024px\" \/><\/figure><\/div>\n\n\n<div class=\"HM23_CONTENT_BLOCK_LARGE HM23_INFOS_PRATIQUES\"><div class=\"HM23_TI_TITRE\">Infos praticas<\/div><div class=\"HM23_TI_TEXTE_CONTENU\"><div class=\"o9v6fnle cxmmr5t8 oygrvhab hcukyx3x c1et5uql\"><strong>El regreso de Long Ma<\/strong><br \/>\nHasta el 4 de enero de 2026.<br \/>\nAbierto de martes a domingo, de 10:00 a 18:00.<\/p>\n<\/div>\n<\/div><a class=\"HM23_CTA\" href=\"https:\/\/billetterie.halledelamachine.fr\/index-css5-halledelamachine-pg1.html\"  target = \"_blank\" >R\u00e9SERVEZ<\/a><\/div>","protected":false},"author":2,"featured_media":3278,"menu_order":0,"template":"","types-evenements":[16,15],"class_list":["post-2316","evenement","type-evenement","status-publish","has-post-thumbnail","hentry","types-evenements-musique","types-evenements-spectacle-vivant","entry"],"acf":[],"_links":{"self":[{"href":"https:\/\/www.halledelamachine.fr\/es\/wp-json\/wp\/v2\/evenement\/2316","targetHints":{"allow":["GET"]}}],"collection":[{"href":"https:\/\/www.halledelamachine.fr\/es\/wp-json\/wp\/v2\/evenement"}],"about":[{"href":"https:\/\/www.halledelamachine.fr\/es\/wp-json\/wp\/v2\/types\/evenement"}],"author":[{"embeddable":true,"href":"https:\/\/www.halledelamachine.fr\/es\/wp-json\/wp\/v2\/users\/2"}],"version-history":[{"count":5,"href":"https:\/\/www.halledelamachine.fr\/es\/wp-json\/wp\/v2\/evenement\/2316\/revisions"}],"predecessor-version":[{"id":3865,"href":"https:\/\/www.halledelamachine.fr\/es\/wp-json\/wp\/v2\/evenement\/2316\/revisions\/3865"}],"wp:featuredmedia":[{"embeddable":true,"href":"https:\/\/www.halledelamachine.fr\/es\/wp-json\/wp\/v2\/media\/3278"}],"wp:attachment":[{"href":"https:\/\/www.halledelamachine.fr\/es\/wp-json\/wp\/v2\/media?parent=2316"}],"wp:term":[{"taxonomy":"types-evenements","embeddable":true,"href":"https:\/\/www.halledelamachine.fr\/es\/wp-json\/wp\/v2\/types-evenements?post=2316"}],"curies":[{"name":"wp","href":"https:\/\/api.w.org\/{rel}","templated":true}]}}

</div> <!-- .HM23_TEXT_CONTAINER --><div class="HM23_CONTENT_BLOCK HM23_CHAPEAU"><p>Este año 2025, nuestra inolvidable yegua dragona, llamada Long ma, regresa a la Halle de La Machine. ¡Estará presente hasta el 4 de enero de 2026! No se la pierdan.</p>
</div><div class="HM23_TEXT_CONTAINER">


<figure class="wp-block-image size-full"><img loading="lazy" decoding="async" width="1080" height="1080" src="https://www.halledelamachine.fr/wp-content/uploads/2024/04/1080x1080-px-Halle-de-La-Machine-_-Long-Ma-sur-le-fil-de-lautomne.jpg" alt="" class="wp-image-3860" srcset="https://www.halledelamachine.fr/wp-content/uploads/2024/04/1080x1080-px-Halle-de-La-Machine-_-Long-Ma-sur-le-fil-de-lautomne.jpg 1080w, https://www.halledelamachine.fr/wp-content/uploads/2024/04/1080x1080-px-Halle-de-La-Machine-_-Long-Ma-sur-le-fil-de-lautomne-300x300.jpg 300w, https://www.halledelamachine.fr/wp-content/uploads/2024/04/1080x1080-px-Halle-de-La-Machine-_-Long-Ma-sur-le-fil-de-lautomne-1024x1024.jpg 1024w, https://www.halledelamachine.fr/wp-content/uploads/2024/04/1080x1080-px-Halle-de-La-Machine-_-Long-Ma-sur-le-fil-de-lautomne-150x150.jpg 150w, https://www.halledelamachine.fr/wp-content/uploads/2024/04/1080x1080-px-Halle-de-La-Machine-_-Long-Ma-sur-le-fil-de-lautomne-768x768.jpg 768w, https://www.halledelamachine.fr/wp-content/uploads/2024/04/1080x1080-px-Halle-de-La-Machine-_-Long-Ma-sur-le-fil-de-lautomne-5x5.jpg 5w" sizes="auto, (max-width: 1080px) 100vw, 1080px" /></figure>



<h3 class="wp-block-heading has-text-color has-link-color wp-elements-d57d1779321de4e16e2a1723a86b9164" style="color:#ab1005" class="wp-block-heading has-text-color has-link-color wp-elements-d57d1779321de4e16e2a1723a86b9164" style="color:#ab1005" id="el-regreso-de-long-ma">el regreso de long ma</h3>



<div class="wp-block-media-text is-stacked-on-mobile" style="grid-template-columns:49% auto"><figure class="wp-block-media-text__media"><img loading="lazy" decoding="async" width="1024" height="576" src="https://www.halledelamachine.fr/wp-content/uploads/2024/04/P1350215ok-creditp.david_-1024x576.jpg" alt="" class="wp-image-3282 size-full" srcset="https://www.halledelamachine.fr/wp-content/uploads/2024/04/P1350215ok-creditp.david_-1024x576.jpg 1024w, https://www.halledelamachine.fr/wp-content/uploads/2024/04/P1350215ok-creditp.david_-300x169.jpg 300w, https://www.halledelamachine.fr/wp-content/uploads/2024/04/P1350215ok-creditp.david_-768x432.jpg 768w, https://www.halledelamachine.fr/wp-content/uploads/2024/04/P1350215ok-creditp.david_-1536x864.jpg 1536w, https://www.halledelamachine.fr/wp-content/uploads/2024/04/P1350215ok-creditp.david_-2048x1153.jpg 2048w, https://www.halledelamachine.fr/wp-content/uploads/2024/04/P1350215ok-creditp.david_-1568x882.jpg 1568w, https://www.halledelamachine.fr/wp-content/uploads/2024/04/P1350215ok-creditp.david_-1800x1013.jpg 1800w, https://www.halledelamachine.fr/wp-content/uploads/2024/04/P1350215ok-creditp.david_-5x3.jpg 5w" sizes="auto, (max-width: 1024px) 100vw, 1024px" /></figure><div class="wp-block-media-text__content">
<p>enga a descubrir la gracia y el encanto indiscutible de Long Ma, nuestra yegua dragón de 12 metros de altura. Después de recorrer el mundo desde Pekín hasta Ottawa, Long Ma regresa a Toulouse hasta el 4 de enero de 2026. A su lado, muy cerca de sus monumentales patas, maravíllese con los detalles de sus colores, su grupa, su esbelto cuello y los materiales que la componen. Adivine qué animales la componen y han inspirado a su creador, François Delaroziere. Cada fin de semana, Long Ma se despierta a diario en el interior de la Halle de La Machine.<br><strong>>> Durante la vacaciones despertares en el interior de la Halle.</strong></p>



<p></p>
</div></div>



<h3 class="wp-block-heading has-text-color has-link-color wp-elements-7e3b6e46d06d94eb3ec6e73cb493cd40" style="color:#ab1005" class="wp-block-heading has-text-color has-link-color wp-elements-7e3b6e46d06d94eb3ec6e73cb493cd40" style="color:#ab1005" id="anatomia-de-un-espectaculo">Anatomía de un espectáculo</h3>



<div class="wp-block-media-text has-media-on-the-right is-stacked-on-mobile"><div class="wp-block-media-text__content">
<p>La exposición «Anatomía de un espectáculo» desvela los entresijos de la creación de la ópera urbana «Le Gardien du Temple – La Porte des Ténèbres» (El guardián del templo – La puerta de las tinieblas). Este espectáculo, que tuvo un éxito rotundo, reunió a nada menos que 1,2 millones de curiosos en las calles de Toulouse. En esta ocasión, la Compagnie de la Machine pone de relieve a los artesanos que trabajan entre bastidores, esos creadores apasionados cuyo trabajo fue esencial para el éxito de esta obra maestra. A través de bocetos y esbozos, la exposición desvela los desconocidos orígenes de Lilith. Desde la maqueta hasta la versión final, se necesitó más de un año de trabajo para dar forma a su busto de mujer, su aguijón y los adornos que lo rodean.<br><strong>>> De martes a domingo, de 10:00 a 18:00.</strong></p>



<p></p>
</div><figure class="wp-block-media-text__media"><img loading="lazy" decoding="async" width="1024" height="576" src="https://www.halledelamachine.fr/wp-content/uploads/2024/04/P1750264ok-©-Pauline-David-Halle-de-La-Machine-1024x576.jpg" alt="" class="wp-image-3279 size-full" srcset="https://www.halledelamachine.fr/wp-content/uploads/2024/04/P1750264ok-©-Pauline-David-Halle-de-La-Machine-1024x576.jpg 1024w, https://www.halledelamachine.fr/wp-content/uploads/2024/04/P1750264ok-©-Pauline-David-Halle-de-La-Machine-300x169.jpg 300w, https://www.halledelamachine.fr/wp-content/uploads/2024/04/P1750264ok-©-Pauline-David-Halle-de-La-Machine-768x432.jpg 768w, https://www.halledelamachine.fr/wp-content/uploads/2024/04/P1750264ok-©-Pauline-David-Halle-de-La-Machine-1536x864.jpg 1536w, https://www.halledelamachine.fr/wp-content/uploads/2024/04/P1750264ok-©-Pauline-David-Halle-de-La-Machine-2048x1152.jpg 2048w, https://www.halledelamachine.fr/wp-content/uploads/2024/04/P1750264ok-©-Pauline-David-Halle-de-La-Machine-1568x882.jpg 1568w, https://www.halledelamachine.fr/wp-content/uploads/2024/04/P1750264ok-©-Pauline-David-Halle-de-La-Machine-1800x1013.jpg 1800w, https://www.halledelamachine.fr/wp-content/uploads/2024/04/P1750264ok-©-Pauline-David-Halle-de-La-Machine-5x3.jpg 5w" sizes="auto, (max-width: 1024px) 100vw, 1024px" /></figure></div>


<div class="HM23_CONTENT_BLOCK_LARGE HM23_INFOS_PRATIQUES"><div class="HM23_TI_TITRE">Infos praticas</div><div class="HM23_TI_TEXTE_CONTENU"><div class="o9v6fnle cxmmr5t8 oygrvhab hcukyx3x c1et5uql"><strong>El regreso de Long Ma</strong><br />
Hasta el 4 de enero de 2026.<br />
Abierto de martes a domingo, de 10:00 a 18:00.</p>
</div>
</div><a class="HM23_CTA" href="https://billetterie.halledelamachine.fr/index-css5-halledelamachine-pg1.html"  target = "_blank" >RéSERVEZ</a></div>
